{"id":5956,"date":"2024-05-20T19:12:44","date_gmt":"2024-05-20T17:12:44","guid":{"rendered":"https:\/\/wehostcostabrava.com\/experiencia\/laudes-y-veleros\/"},"modified":"2025-05-06T11:32:33","modified_gmt":"2025-05-06T09:32:33","slug":"luths-et-voiliers","status":"publish","type":"experiencia","link":"https:\/\/wehostcostabrava.com\/fr\/luths-et-voiliers\/","title":{"rendered":"Luths et voiliers"},"content":{"rendered":"<p>D\u00e9couvrez les plus beaux coins et les paysages les plus embl\u00e9matiques de la Costa Brava sous un autre angle.<\/p>\n<p>De notre ch\u00e8re M\u00e9diterran\u00e9e. Llauts i Velers dispose d&rsquo;une flotte tr\u00e8s compl\u00e8te de bateaux, de zodiacs rapides, de voiliers jusqu&rsquo;\u00e0 15 m et de lla\u00fcts traditionnels jusqu&rsquo;\u00e0 8 m de longueur.<\/p>\n<p>Si votre passion est la mer, vous pourrez d\u00e9couvrir des coins que seuls les gens d&rsquo;ici connaissent en raison de la richesse marine sous-marine et du paysage accident\u00e9 de notre c\u00f4te.<\/p>\n<p><a href=\"https:\/\/wehostcostabrava.com\/fr\/contacto\/\">Pour plus d&rsquo;informations, contactez-nous.<\/a><\/p>\n","protected":false},"featured_media":5286,"template":"","experiencia":[93],"class_list":["post-5956","experiencia","type-experiencia","status-publish","has-post-thumbnail","hentry","experiencia-experiencia"],"acf":[],"_links":{"self":[{"href":"https:\/\/wehostcostabrava.com\/fr\/wp-json\/wp\/v2\/experiencia\/5956"}],"collection":[{"href":"https:\/\/wehostcostabrava.com\/fr\/wp-json\/wp\/v2\/experiencia"}],"about":[{"href":"https:\/\/wehostcostabrava.com\/fr\/wp-json\/wp\/v2\/types\/experiencia"}],"wp:featuredmedia":[{"embeddable":true,"href":"https:\/\/wehostcostabrava.com\/fr\/wp-json\/wp\/v2\/media\/5286"}],"wp:attachment":[{"href":"https:\/\/wehostcostabrava.com\/fr\/wp-json\/wp\/v2\/media?parent=5956"}],"wp:term":[{"taxonomy":"experiencia","embeddable":true,"href":"https:\/\/wehostcostabrava.com\/fr\/wp-json\/wp\/v2\/experiencia?post=5956"}],"curies":[{"name":"wp","href":"https:\/\/api.w.org\/{rel}","templated":true}]}}

<p>Découvrez les plus beaux coins et les paysages les plus emblématiques de la Costa Brava sous un autre angle.</p>
<p>De notre chère Méditerranée. Llauts i Velers dispose d&rsquo;une flotte très complète de bateaux, de zodiacs rapides, de voiliers jusqu&rsquo;à 15 m et de llaüts traditionnels jusqu&rsquo;à 8 m de longueur.</p>
<p>Si votre passion est la mer, vous pourrez découvrir des coins que seuls les gens d&rsquo;ici connaissent en raison de la richesse marine sous-marine et du paysage accidenté de notre côte.</p>
<p><a href="https://wehostcostabrava.com/fr/contacto/">Pour plus d&rsquo;informations, contactez-nous.</a></p>
