{"id":8878,"date":"2025-05-06T12:10:37","date_gmt":"2025-05-06T10:10:37","guid":{"rendered":"https:\/\/wehostcostabrava.com\/?post_type=experiencia&#038;p=8878"},"modified":"2026-04-16T08:01:18","modified_gmt":"2026-04-16T06:01:18","slug":"cap-roig-festival-calella-de-palafrugell-accommodation","status":"publish","type":"experiencia","link":"https:\/\/wehostcostabrava.com\/en\/cap-roig-festival-calella-de-palafrugell-accommodation\/","title":{"rendered":"Cap Roig Music Festival 2026 in Calella de Palafrugell (schedule, dates and accommodations)"},"content":{"rendered":"<p>Every summer, the Costa Brava becomes the stage for one of the most exciting music events in Europe: the Cap Roig Festival, held in Calella de Palafrugell. With a line-up full of world-renowned artists and a unique seaside setting, this festival offers a magical experience under the stars.<\/p>\n<p class=\"\" data-start=\"534\" data-end=\"786\">For over a month, the festival gathers musicians from around the world in a spectacular natural environment. The program covers everything from pop and rock to flamenco, folk, and classical music\u2014making it an unmissable event for all live music lovers.<\/p>\n<p>The 2026 edition of the Cap Roig Festival will kick off on July 3rd with the highly anticipated performance by Bryan Adams, setting the stage for an outstanding lineup that blends legendary names with contemporary artists. Throughout the festival, internationally acclaimed performers such as Anastacia, Rick Astley, Diana Krall, and Mika will take the stage, alongside leading Spanish artists like Antonio Orozco, Pablo L\u00f3pez, and Rosario.<\/p>\n<p>The program also embraces musical diversity with acts such as Amaia, Miki N\u00fa\u00f1ez, Taburete, and Valeria Castro, while also featuring iconic performers like Luz Casal, Miguel R\u00edos, and Ana Torroja. Once again, this edition will establish Cap Roig as one of the must-visit summer music destinations on the Costa Brava.<\/p>\n<p data-start=\"788\" data-end=\"1107\"><img fetchpriority=\"high\" decoding=\"async\" class=\"aligncenter wp-image-8872 size-full\" src=\"https:\/\/wehostcostabrava.com\/wp-content\/uploads\/2025\/05\/Festival-de-Cap-Roig.webp\" alt=\"alojamiento-Festival-de-Cap-Roig\" width=\"1024\" height=\"512\" srcset=\"https:\/\/wehostcostabrava.com\/wp-content\/uploads\/2025\/05\/Festival-de-Cap-Roig.webp 1024w, https:\/\/wehostcostabrava.com\/wp-content\/uploads\/2025\/05\/Festival-de-Cap-Roig-300x150.webp 300w, https:\/\/wehostcostabrava.com\/wp-content\/uploads\/2025\/05\/Festival-de-Cap-Roig-768x384.webp 768w\" sizes=\"(max-width: 1024px) 100vw, 1024px\" \/><\/p>\n<h2 data-start=\"1109\" data-end=\"1169\"><strong data-start=\"1109\" data-end=\"1169\">Where to stay in Calella de Palafrugell: the best option<\/strong><\/h2>\n<p class=\"\" data-start=\"1171\" data-end=\"1456\">To make the most of the Cap Roig Festival, there&#8217;s no better choice than staying in Calella de Palafrugell, just minutes from the venue. This charming Costa Brava village preserves its fishing heritage, with whitewashed houses, crystal-clear coves, and a warm Mediterranean atmosphere.<\/p>\n<p class=\"\" data-start=\"1458\" data-end=\"1752\">At <a class=\"\" href=\"https:\/\/wehostcostabrava.com\/en\/\" target=\"_new\" rel=\"noopener\" data-start=\"1461\" data-end=\"1513\"><strong>We Host Costa Brava<\/strong><\/a>, you\u2019ll find the best holiday rentals in Calella, perfect for a romantic getaway, a trip with friends, or a family vacation. From sea-view apartments to houses with private pools, our selection combines comfort, location, and local charm.<\/p>\n<p class=\"\" data-start=\"1754\" data-end=\"2079\">We especially recommend <a href=\"http:\/\/For over a month, the festival gathers musicians from around the world in a spectacular natural environment. The program covers everything from pop and rock to flamenco, folk, and classical music\u2014making it an unmissable event for all live music lovers. The 2025 edition kicks off on July 12 with the legendary Fito P\u00e1ez, followed by unforgettable nights featuring UB40 feat. Ali Campbell, Tom Jones, Lax\u2019n\u2019Busto, and Sebasti\u00e1n Yatra. The line-up also includes iconic bands like Simple Minds and Sopa de Cabra, along with fresh Catalan acts like Els Catarres and The Tyets. Where to stay in Calella de Palafrugell: the best option To make the most of the Cap Roig Festival, there's no better choice than staying in Calella de Palafrugell, just minutes from the venue. This charming Costa Brava village preserves its fishing heritage, with whitewashed houses, crystal-clear coves, and a warm Mediterranean atmosphere. At We Host Costa Brava, you\u2019ll find the best holiday rentals in Calella, perfect for a romantic getaway, a trip with friends, or a family vacation. From sea-view apartments to houses with private pools, our selection combines comfort, location, and local charm. We especially recommend this apartment with terrace and sea view or this duplex just steps from the beach for a complete experience. Confirmed line-up for Cap Roig Festival 2025 July 12: Fito P\u00e1ez July 13: Sopa de Cabra July 18: Simple Minds July 19: S\u00edlvia &amp; Salvador July 20: The Tyets July 25: Sebasti\u00e1n Yatra July 26: UB40 feat. Ali Campbell July 27: Figa Flawas August 1: Nil Moliner August 2: El Pot Petit (Cap Roig Mini) August 3: Ana Bel\u00e9n August 4: Natalia Lafourcade August 5: James Blunt August 6: Antonio Orozco August 7: Tom Jones August 8: Rosario August 11: Siempre As\u00ed August 12: Lax\u2019n\u2019Busto August 13: Ara Malikian August 14: Els Catarres August 15: Franz Ferdinand August 16: Amaral August 17 &amp; 18: Joan Daus\u00e0 Get ready to enjoy a one-of-a-kind experience this summer. Book your tickets for the Cap Roig Festival and secure your accommodation with We Host Costa Brava. Music, the sea, and the charm of Calella de Palafrugell await!\" target=\"_new\" rel=\"noopener\" data-start=\"1778\" data-end=\"1912\">this <strong>apartment with terrace and sea view<\/strong><\/a> or <strong><a href=\"https:\/\/wehostcostabrava.com\/en\/duplex-apartment-for-rent-with-terrace-in-calella-de-palafrugell-casa-concha-portell\/\" target=\"_new\" rel=\"noopener\" data-start=\"1916\" data-end=\"2052\">this duplex just steps from the beach of Calella de Palafrugell<\/a> <\/strong>for a complete experience.<\/p>\n<p data-start=\"1754\" data-end=\"2079\"><img decoding=\"async\" class=\"aligncenter wp-image-8490 size-full\" src=\"https:\/\/wehostcostabrava.com\/wp-content\/uploads\/2025\/02\/alquilar-casa-costa-brava.jpg\" alt=\"alquilar casa costa brava\" width=\"800\" height=\"600\" srcset=\"https:\/\/wehostcostabrava.com\/wp-content\/uploads\/2025\/02\/alquilar-casa-costa-brava.jpg 800w, https:\/\/wehostcostabrava.com\/wp-content\/uploads\/2025\/02\/alquilar-casa-costa-brava-300x225.jpg 300w, https:\/\/wehostcostabrava.com\/wp-content\/uploads\/2025\/02\/alquilar-casa-costa-brava-768x576.jpg 768w\" sizes=\"(max-width: 800px) 100vw, 800px\" \/><\/p>\n<p class=\"\" style=\"text-align: center;\" data-start=\"2081\" data-end=\"2129\"><strong>Confirmed line-up for Cap Roig Festival 2026<\/strong><\/p>\n<p style=\"text-align: center;\" data-start=\"0\" data-end=\"47\"><strong>July 3: <span class=\"hover:entity-accent entity-underline inline cursor-pointer align-baseline\"><span class=\"whitespace-normal\">Bryan Adams<\/span><\/span><\/strong><\/p>\n<p style=\"text-align: center;\" data-start=\"49\" data-end=\"97\"><strong>July 10: <span class=\"hover:entity-accent entity-underline inline cursor-pointer align-baseline\"><span class=\"whitespace-normal\">V\u00edctor Manuel<\/span><\/span><\/strong><\/p>\n<p style=\"text-align: center;\" data-start=\"99\" data-end=\"147\"><strong>July 11: <span class=\"hover:entity-accent entity-underline inline cursor-pointer align-baseline\"><span class=\"whitespace-normal\">Anastacia<\/span><\/span><\/strong><\/p>\n<p style=\"text-align: center;\" data-start=\"149\" data-end=\"197\"><strong>July 17: <span class=\"hover:entity-accent entity-underline inline cursor-pointer align-baseline\"><span class=\"whitespace-normal\">Amaia<\/span><\/span><\/strong><\/p>\n<p style=\"text-align: center;\" data-start=\"199\" data-end=\"247\"><strong>July 18: <span class=\"hover:entity-accent entity-underline inline cursor-pointer align-baseline\"><span class=\"whitespace-normal\">Rick Astley<\/span><\/span><\/strong><\/p>\n<p style=\"text-align: center;\" data-start=\"249\" data-end=\"297\"><strong>July 24: <span class=\"hover:entity-accent entity-underline inline cursor-pointer align-baseline\"><span class=\"whitespace-normal\">Caf\u00e9 Quijano<\/span><\/span><\/strong><\/p>\n<p style=\"text-align: center;\" data-start=\"299\" data-end=\"347\"><strong>July 25: <span class=\"hover:entity-accent entity-underline inline cursor-pointer align-baseline\"><span class=\"whitespace-normal\">Diana Krall<\/span><\/span><\/strong><\/p>\n<p style=\"text-align: center;\" data-start=\"349\" data-end=\"398\"><strong>August 1: <span class=\"hover:entity-accent entity-underline inline cursor-pointer align-baseline\"><span class=\"whitespace-normal\">Miki N\u00fa\u00f1ez<\/span><\/span><\/strong><\/p>\n<p style=\"text-align: center;\" data-start=\"400\" data-end=\"449\"><strong>August 2: <span class=\"hover:entity-accent entity-underline inline cursor-pointer align-baseline\"><span class=\"whitespace-normal\">Taburete<\/span><\/span><\/strong><\/p>\n<p style=\"text-align: center;\" data-start=\"451\" data-end=\"500\"><strong>August 3: <span class=\"hover:entity-accent entity-underline inline cursor-pointer align-baseline\"><span class=\"whitespace-normal\">Antonio Orozco<\/span><\/span><\/strong><\/p>\n<p style=\"text-align: center;\" data-start=\"502\" data-end=\"553\"><strong>August 4: <span class=\"hover:entity-accent entity-underline inline cursor-pointer align-baseline\"><span class=\"whitespace-normal\">Juan Diego Fl\u00f3rez<\/span><\/span><\/strong><\/p>\n<p style=\"text-align: center;\" data-start=\"555\" data-end=\"606\"><strong>August 5: <span class=\"hover:entity-accent entity-underline inline cursor-pointer align-baseline\"><span class=\"whitespace-normal\">Valeria Castro<\/span><\/span><\/strong><\/p>\n<p style=\"text-align: center;\" data-start=\"608\" data-end=\"659\"><strong>August 6: <span class=\"hover:entity-accent entity-underline inline cursor-pointer align-baseline\"><span class=\"whitespace-normal\">Lax\u2019n\u2019Busto<\/span><\/span><\/strong><\/p>\n<p style=\"text-align: center;\" data-start=\"661\" data-end=\"712\"><strong>August 7: <span class=\"hover:entity-accent entity-underline inline cursor-pointer align-baseline\"><span class=\"whitespace-normal\">Pablo L\u00f3pez<\/span><\/span><\/strong><\/p>\n<p style=\"text-align: center;\" data-start=\"714\" data-end=\"765\"><strong>August 8: <span class=\"hover:entity-accent entity-underline inline cursor-pointer align-baseline\"><span class=\"whitespace-normal\">Mika<\/span><\/span><\/strong><\/p>\n<p style=\"text-align: center;\" data-start=\"767\" data-end=\"819\"><strong>August 10: <span class=\"hover:entity-accent entity-underline inline cursor-pointer align-baseline\"><span class=\"whitespace-normal\">El Fil Invisible<\/span><\/span><\/strong><\/p>\n<p style=\"text-align: center;\" data-start=\"821\" data-end=\"873\"><strong>August 11: <span class=\"hover:entity-accent entity-underline inline cursor-pointer align-baseline\"><span class=\"whitespace-normal\">Rosario<\/span><\/span><\/strong><\/p>\n<p style=\"text-align: center;\" data-start=\"875\" data-end=\"927\"><strong>August 13: <span class=\"hover:entity-accent entity-underline inline cursor-pointer align-baseline\"><span class=\"whitespace-normal\">Mal\u00fa<\/span><\/span><\/strong><\/p>\n<p style=\"text-align: center;\" data-start=\"929\" data-end=\"981\"><strong>August 14: <span class=\"hover:entity-accent entity-underline inline cursor-pointer align-baseline\"><span class=\"whitespace-normal\">31 FAM<\/span><\/span><\/strong><\/p>\n<p style=\"text-align: center;\" data-start=\"983\" data-end=\"1035\"><strong>August 15: <span class=\"hover:entity-accent entity-underline inline cursor-pointer align-baseline\"><span class=\"whitespace-normal\">Luz Casal<\/span><\/span><\/strong><\/p>\n<p style=\"text-align: center;\" data-start=\"1037\" data-end=\"1089\"><strong>August 16: <span class=\"hover:entity-accent entity-underline inline cursor-pointer align-baseline\"><span class=\"whitespace-normal\">HAUSER<\/span><\/span><\/strong><\/p>\n<p style=\"text-align: center;\" data-start=\"1091\" data-end=\"1143\"><strong>August 17: <span class=\"hover:entity-accent entity-underline inline cursor-pointer align-baseline\"><span class=\"whitespace-normal\">Ana Torroja<\/span><\/span><\/strong><\/p>\n<p style=\"text-align: center;\" data-start=\"1145\" data-end=\"1195\" data-is-last-node=\"\" data-is-only-node=\"\"><strong>August 18: <span class=\"hover:entity-accent entity-underline inline cursor-pointer align-baseline\"><span class=\"whitespace-normal\">Miguel R\u00edos<\/span><\/span><\/strong><\/p>\n<p class=\"\" data-start=\"2774\" data-end=\"2995\">Get ready to enjoy a one-of-a-kind experience this summer. Book your tickets for the Cap Roig Festival and secure your accommodation with We Host Costa Brava.<\/p>\n<p class=\"\" data-start=\"2774\" data-end=\"2995\"><strong>Music, the sea, and the charm of Calella de Palafrugell await!<\/strong><\/p>\n","protected":false},"featured_media":8876,"template":"","experiencia":[94],"class_list":["post-8878","experiencia","type-experiencia","status-publish","has-post-thumbnail","hentry","experiencia-eventos"],"acf":[],"_links":{"self":[{"href":"https:\/\/wehostcostabrava.com\/en\/wp-json\/wp\/v2\/experiencia\/8878"}],"collection":[{"href":"https:\/\/wehostcostabrava.com\/en\/wp-json\/wp\/v2\/experiencia"}],"about":[{"href":"https:\/\/wehostcostabrava.com\/en\/wp-json\/wp\/v2\/types\/experiencia"}],"wp:featuredmedia":[{"embeddable":true,"href":"https:\/\/wehostcostabrava.com\/en\/wp-json\/wp\/v2\/media\/8876"}],"wp:attachment":[{"href":"https:\/\/wehostcostabrava.com\/en\/wp-json\/wp\/v2\/media?parent=8878"}],"wp:term":[{"taxonomy":"experiencia","embeddable":true,"href":"https:\/\/wehostcostabrava.com\/en\/wp-json\/wp\/v2\/experiencia?post=8878"}],"curies":[{"name":"wp","href":"https:\/\/api.w.org\/{rel}","templated":true}]}}

<p>Every summer, the Costa Brava becomes the stage for one of the most exciting music events in Europe: the Cap Roig Festival, held in Calella de Palafrugell. With a line-up full of world-renowned artists and a unique seaside setting, this festival offers a magical experience under the stars.</p>
<p class="" data-start="534" data-end="786">For over a month, the festival gathers musicians from around the world in a spectacular natural environment. The program covers everything from pop and rock to flamenco, folk, and classical music—making it an unmissable event for all live music lovers.</p>
<p>The 2026 edition of the Cap Roig Festival will kick off on July 3rd with the highly anticipated performance by Bryan Adams, setting the stage for an outstanding lineup that blends legendary names with contemporary artists. Throughout the festival, internationally acclaimed performers such as Anastacia, Rick Astley, Diana Krall, and Mika will take the stage, alongside leading Spanish artists like Antonio Orozco, Pablo López, and Rosario.</p>
<p>The program also embraces musical diversity with acts such as Amaia, Miki Núñez, Taburete, and Valeria Castro, while also featuring iconic performers like Luz Casal, Miguel Ríos, and Ana Torroja. Once again, this edition will establish Cap Roig as one of the must-visit summer music destinations on the Costa Brava.</p>
<p data-start="788" data-end="1107"><img fetchpriority="high" decoding="async" class="aligncenter wp-image-8872 size-full" src="https://wehostcostabrava.com/wp-content/uploads/2025/05/Festival-de-Cap-Roig.webp" alt="alojamiento-Festival-de-Cap-Roig" width="1024" height="512" srcset="https://wehostcostabrava.com/wp-content/uploads/2025/05/Festival-de-Cap-Roig.webp 1024w, https://wehostcostabrava.com/wp-content/uploads/2025/05/Festival-de-Cap-Roig-300x150.webp 300w, https://wehostcostabrava.com/wp-content/uploads/2025/05/Festival-de-Cap-Roig-768x384.webp 768w" sizes="(max-width: 1024px) 100vw, 1024px" /></p>
<h2 data-start="1109" data-end="1169"><strong data-start="1109" data-end="1169">Where to stay in Calella de Palafrugell: the best option</strong></h2>
<p class="" data-start="1171" data-end="1456">To make the most of the Cap Roig Festival, there&#8217;s no better choice than staying in Calella de Palafrugell, just minutes from the venue. This charming Costa Brava village preserves its fishing heritage, with whitewashed houses, crystal-clear coves, and a warm Mediterranean atmosphere.</p>
<p class="" data-start="1458" data-end="1752">At <a class="" href="https://wehostcostabrava.com/en/" target="_new" rel="noopener" data-start="1461" data-end="1513"><strong>We Host Costa Brava</strong></a>, you’ll find the best holiday rentals in Calella, perfect for a romantic getaway, a trip with friends, or a family vacation. From sea-view apartments to houses with private pools, our selection combines comfort, location, and local charm.</p>
<p class="" data-start="1754" data-end="2079">We especially recommend <a href="http://For over a month, the festival gathers musicians from around the world in a spectacular natural environment. The program covers everything from pop and rock to flamenco, folk, and classical music—making it an unmissable event for all live music lovers. The 2025 edition kicks off on July 12 with the legendary Fito Páez, followed by unforgettable nights featuring UB40 feat. Ali Campbell, Tom Jones, Lax’n’Busto, and Sebastián Yatra. The line-up also includes iconic bands like Simple Minds and Sopa de Cabra, along with fresh Catalan acts like Els Catarres and The Tyets. Where to stay in Calella de Palafrugell: the best option To make the most of the Cap Roig Festival, there's no better choice than staying in Calella de Palafrugell, just minutes from the venue. This charming Costa Brava village preserves its fishing heritage, with whitewashed houses, crystal-clear coves, and a warm Mediterranean atmosphere. At We Host Costa Brava, you’ll find the best holiday rentals in Calella, perfect for a romantic getaway, a trip with friends, or a family vacation. From sea-view apartments to houses with private pools, our selection combines comfort, location, and local charm. We especially recommend this apartment with terrace and sea view or this duplex just steps from the beach for a complete experience. Confirmed line-up for Cap Roig Festival 2025 July 12: Fito Páez July 13: Sopa de Cabra July 18: Simple Minds July 19: Sílvia &amp; Salvador July 20: The Tyets July 25: Sebastián Yatra July 26: UB40 feat. Ali Campbell July 27: Figa Flawas August 1: Nil Moliner August 2: El Pot Petit (Cap Roig Mini) August 3: Ana Belén August 4: Natalia Lafourcade August 5: James Blunt August 6: Antonio Orozco August 7: Tom Jones August 8: Rosario August 11: Siempre Así August 12: Lax’n’Busto August 13: Ara Malikian August 14: Els Catarres August 15: Franz Ferdinand August 16: Amaral August 17 &amp; 18: Joan Dausà Get ready to enjoy a one-of-a-kind experience this summer. Book your tickets for the Cap Roig Festival and secure your accommodation with We Host Costa Brava. Music, the sea, and the charm of Calella de Palafrugell await!" target="_new" rel="noopener" data-start="1778" data-end="1912">this <strong>apartment with terrace and sea view</strong></a> or <strong><a href="https://wehostcostabrava.com/en/duplex-apartment-for-rent-with-terrace-in-calella-de-palafrugell-casa-concha-portell/" target="_new" rel="noopener" data-start="1916" data-end="2052">this duplex just steps from the beach of Calella de Palafrugell</a> </strong>for a complete experience.</p>
<p data-start="1754" data-end="2079"><img decoding="async" class="aligncenter wp-image-8490 size-full" src="https://wehostcostabrava.com/wp-content/uploads/2025/02/alquilar-casa-costa-brava.jpg" alt="alquilar casa costa brava" width="800" height="600" srcset="https://wehostcostabrava.com/wp-content/uploads/2025/02/alquilar-casa-costa-brava.jpg 800w, https://wehostcostabrava.com/wp-content/uploads/2025/02/alquilar-casa-costa-brava-300x225.jpg 300w, https://wehostcostabrava.com/wp-content/uploads/2025/02/alquilar-casa-costa-brava-768x576.jpg 768w" sizes="(max-width: 800px) 100vw, 800px" /></p>
<p class="" style="text-align: center;" data-start="2081" data-end="2129"><strong>Confirmed line-up for Cap Roig Festival 2026</strong></p>
<p style="text-align: center;" data-start="0" data-end="47"><strong>July 3: <span class="hover:entity-accent entity-underline inline cursor-pointer align-baseline"><span class="whitespace-normal">Bryan Adams</span></span></strong></p>
<p style="text-align: center;" data-start="49" data-end="97"><strong>July 10: <span class="hover:entity-accent entity-underline inline cursor-pointer align-baseline"><span class="whitespace-normal">Víctor Manuel</span></span></strong></p>
<p style="text-align: center;" data-start="99" data-end="147"><strong>July 11: <span class="hover:entity-accent entity-underline inline cursor-pointer align-baseline"><span class="whitespace-normal">Anastacia</span></span></strong></p>
<p style="text-align: center;" data-start="149" data-end="197"><strong>July 17: <span class="hover:entity-accent entity-underline inline cursor-pointer align-baseline"><span class="whitespace-normal">Amaia</span></span></strong></p>
<p style="text-align: center;" data-start="199" data-end="247"><strong>July 18: <span class="hover:entity-accent entity-underline inline cursor-pointer align-baseline"><span class="whitespace-normal">Rick Astley</span></span></strong></p>
<p style="text-align: center;" data-start="249" data-end="297"><strong>July 24: <span class="hover:entity-accent entity-underline inline cursor-pointer align-baseline"><span class="whitespace-normal">Café Quijano</span></span></strong></p>
<p style="text-align: center;" data-start="299" data-end="347"><strong>July 25: <span class="hover:entity-accent entity-underline inline cursor-pointer align-baseline"><span class="whitespace-normal">Diana Krall</span></span></strong></p>
<p style="text-align: center;" data-start="349" data-end="398"><strong>August 1: <span class="hover:entity-accent entity-underline inline cursor-pointer align-baseline"><span class="whitespace-normal">Miki Núñez</span></span></strong></p>
<p style="text-align: center;" data-start="400" data-end="449"><strong>August 2: <span class="hover:entity-accent entity-underline inline cursor-pointer align-baseline"><span class="whitespace-normal">Taburete</span></span></strong></p>
<p style="text-align: center;" data-start="451" data-end="500"><strong>August 3: <span class="hover:entity-accent entity-underline inline cursor-pointer align-baseline"><span class="whitespace-normal">Antonio Orozco</span></span></strong></p>
<p style="text-align: center;" data-start="502" data-end="553"><strong>August 4: <span class="hover:entity-accent entity-underline inline cursor-pointer align-baseline"><span class="whitespace-normal">Juan Diego Flórez</span></span></strong></p>
<p style="text-align: center;" data-start="555" data-end="606"><strong>August 5: <span class="hover:entity-accent entity-underline inline cursor-pointer align-baseline"><span class="whitespace-normal">Valeria Castro</span></span></strong></p>
<p style="text-align: center;" data-start="608" data-end="659"><strong>August 6: <span class="hover:entity-accent entity-underline inline cursor-pointer align-baseline"><span class="whitespace-normal">Lax’n’Busto</span></span></strong></p>
<p style="text-align: center;" data-start="661" data-end="712"><strong>August 7: <span class="hover:entity-accent entity-underline inline cursor-pointer align-baseline"><span class="whitespace-normal">Pablo López</span></span></strong></p>
<p style="text-align: center;" data-start="714" data-end="765"><strong>August 8: <span class="hover:entity-accent entity-underline inline cursor-pointer align-baseline"><span class="whitespace-normal">Mika</span></span></strong></p>
<p style="text-align: center;" data-start="767" data-end="819"><strong>August 10: <span class="hover:entity-accent entity-underline inline cursor-pointer align-baseline"><span class="whitespace-normal">El Fil Invisible</span></span></strong></p>
<p style="text-align: center;" data-start="821" data-end="873"><strong>August 11: <span class="hover:entity-accent entity-underline inline cursor-pointer align-baseline"><span class="whitespace-normal">Rosario</span></span></strong></p>
<p style="text-align: center;" data-start="875" data-end="927"><strong>August 13: <span class="hover:entity-accent entity-underline inline cursor-pointer align-baseline"><span class="whitespace-normal">Malú</span></span></strong></p>
<p style="text-align: center;" data-start="929" data-end="981"><strong>August 14: <span class="hover:entity-accent entity-underline inline cursor-pointer align-baseline"><span class="whitespace-normal">31 FAM</span></span></strong></p>
<p style="text-align: center;" data-start="983" data-end="1035"><strong>August 15: <span class="hover:entity-accent entity-underline inline cursor-pointer align-baseline"><span class="whitespace-normal">Luz Casal</span></span></strong></p>
<p style="text-align: center;" data-start="1037" data-end="1089"><strong>August 16: <span class="hover:entity-accent entity-underline inline cursor-pointer align-baseline"><span class="whitespace-normal">HAUSER</span></span></strong></p>
<p style="text-align: center;" data-start="1091" data-end="1143"><strong>August 17: <span class="hover:entity-accent entity-underline inline cursor-pointer align-baseline"><span class="whitespace-normal">Ana Torroja</span></span></strong></p>
<p style="text-align: center;" data-start="1145" data-end="1195" data-is-last-node="" data-is-only-node=""><strong>August 18: <span class="hover:entity-accent entity-underline inline cursor-pointer align-baseline"><span class="whitespace-normal">Miguel Ríos</span></span></strong></p>
<p class="" data-start="2774" data-end="2995">Get ready to enjoy a one-of-a-kind experience this summer. Book your tickets for the Cap Roig Festival and secure your accommodation with We Host Costa Brava.</p>
<p class="" data-start="2774" data-end="2995"><strong>Music, the sea, and the charm of Calella de Palafrugell await!</strong></p>
